e the first derivative of -t**5/60 + t**4/8 - t**3/6 - t**2 - 1. Let h(b) be the second derivative of z(b). What is the units digit of h(1)?
1
Let x = 36 - 11. Suppose -110 = -w - 4*w. Suppose -3*u + w = 2*j - 1, u + 5*j = x. What is the units digit of u?
5
What is the units digit of (-60)/18 + 4 - (-488)/6?
2
Suppose -4*w = c + 3*c - 252, 0 = -5*w + 3*c + 347. What is the units digit of w?
7
Suppose -3*f = 2*a - 16, -7 = -3*a - 0*f + 4*f. Suppose -a*i + 58 + 42 = 0. What is the tens digit of i?
2
Let q be (-16)/(-56) - 206/(-14). What is the tens digit of (-2 - 0 - 1) + q?
1
Suppose -3*q - 2*q + 85 = -d, -4*q + 68 = -4*d. What is the tens digit of q?
1
Suppose 0*c = 2*c - 18. Suppose -a - 29 = 4*p, 3*p + 5*a + 4 = -39. Let t = p + c. What is the units digit of t?
3
Let d(j) = 6*j - 4. What is the tens digit of d(10)?
5
Let a = 15 + -10. Let v = -15 - -17. Suppose -o + 14 = a*x - v*o, -14 = -3*x - 5*o. What is the units digit of x?
3
Let h(q) = 4 + 4 - 10*q + 4 + 1 + q**2. What is the units digit of h(9)?
4
Let v(a) = -a**3 + a**2 - 2*a. Let s(j) = 2 - 3*j**2 + 3*j**2 - j**2 + 2*j - 1. Let b be s(-1). What is the tens digit of v(b)?
1
Suppose 0*b + b - 3 = 0. Suppose 3*u - 17 = m - 0*m, 5*u = b*m + 31. Suppose -22 = -u*c + 58. What is the tens digit of c?
1
Let q = 144 + -77. What is the tens digit of q?
6
Let u = 49 + -43. What is the units digit of u?
6
Let r(c) = -c**3 - 6*c**2 - 6*c + 2. What is the units digit of r(-6)?
8
Let t(q) = -q**2 - 5*q + 4. Let n be t(-5). Suppose n*c = m - c + 17, -10 = 2*m - 4*c. Suppose -m*v - 3*g - 3 = 0, 12 = -4*g - 0. What is the units digit of v?
2
Suppose 365 = 5*p - 20. What is the tens digit of p?
7
Let l(d) = -2*d - 7. Let z be l(-5). Suppose z*n + 0 - 6 = 0. What is the units digit of n?
2
Suppose j = -j. Suppose -5*i + 1 + 9 = j. Suppose d = 5*l - 17, -5*d + 23 = i*l - 0*l. What is the units digit of d?
3
Let w(u) be the third derivative of 19*u**5/60 + u**4/24 - u**3/6 - u**2. What is the units digit of w(1)?
9
Let w(c) = -8*c**3 - 10*c + c**2 + 22*c - 11*c. Let s = 1 - 2. What is the units digit of w(s)?
8
Suppose 0 = -3*f - 4*k + 2, -f + 5 = 3*f + 3*k. Suppose -f*r + 8 = -4*r. Let m(u) = u**3 + 5*u**2 + 2*u + 1. What is the units digit of m(r)?
9
What is the tens digit of (114/(-24) - -4)/((-2)/264)?
9
Suppose 2*l + v - 507 = 0, -6*l + 5*v + 1245 = -l. What is the units digit of l?
2
Let o be (1/(-1)*-17)/1. Suppose -5*h = -63 - o. What is the tens digit of h?
1
Let r(g) = 7*g - 15. Let w be r(6). Suppose w = -4*u + 83. What is the tens digit of u?
1
Suppose 5*p = 21 + 19. Suppose 3*b - p = -2. What is the units digit of (-11 - -1)/((-2)/b)?
0
Let t = 2 + 4. Suppose -4*m + 20 = t*v - 2*v, 0 = -4*v - m + 8. Let j = v - -2. What is the units digit of j?
3
Let b = 7 - 2. What is the units digit of b?
5
Let p(y) = 28*y + 5. Let f be p(-5). What is the tens digit of (f/18)/((-6)/8)?
1
Let z be 5/(1*2/32). Suppose -l - 4*l = -z. What is the tens digit of l?
1
Let t = 88 - 41. What is the tens digit of t?
4
Let l = -6 - -54. What is the tens digit of l?
4
Suppose 3*t - 24 + 9 = 0. Suppose 2*z + 6 = t*z. Suppose -4*c = -12, 2*c - 6*c = z*m - 26. What is the units digit of m?
7
What is the hundreds digit of (-5)/30 - 1694/(-12)?
1
Let o(k) = 2*k. Let h be o(0). Suppose -5*a - 10 = h, 0*f + 2*f + 2*a - 18 = 0. What is the tens digit of f?
1
Let h(g) = 5*g**2 - 4*g - 3. Let o(f) = -4*f**2 + 5*f + 3. Let c(s) = -5*h(s) - 6*o(s). What is the units digit of c(-8)?
3
Suppose 0 = 4*l - 6 - 2. Let t(n) = 13*n - 3. What is the units digit of t(l)?
3
Let t(l) = -2*l + 9. Let a be t(0). Let i = a + 14. What is the units digit of i?
3
Let l(y) = -y + 5. Let u be l(4). Let k be 5 + 0 + 2*u. Suppose -k*i + 2*i + 5 = 0. What is the units digit of i?
1
Suppose -2*x + 3*x - 3*u - 61 = 0, 0 = -x + u + 59. What is the units digit of x?
8
Suppose -3*r - 3*s - s - 151 = 0, -3*r - s - 139 = 0. What is the units digit of (-4)/(-18) + (-80)/r?
2
Let l(h) = -h - 10. Let u be l(-7). What is the tens digit of -10*(9/u + 2)?
1
Let h = 13 - 9. Suppose a = h, -2*i = a + 2*a. Let c = 10 + i. What is the units digit of c?
4
Let r be ((-9)/(-12))/(1/(-28)). What is the units digit of 6/r + (-172)/(-14)?
2
Let j(a) = -a**2 - 4*a + 7. Let s(m) = -4 - 3*m + 6*m - 4 + 2*m**2. Let t(w) = -3*j(w) - 2*s(w). What is the units digit of t(4)?
3
Let v(d) be the third derivative of 0*d**3 + 0*d - 7/8*d**4 - d**2 + 0. What is the units digit of v(-1)?
1
Let i = 1 - -3. Suppose 0 - i = -2*u. Suppose 12 + 6 = u*c. What is the units digit of c?
9
Let l(w) = 3*w**3 + w**2 - w. Let k = 2 + -3. Let c be (k + 0)/(2 - 3). What is the units digit of l(c)?
3
Suppose -5*q + 3*o = -778, q + o = -0*o + 154. What is the tens digit of q?
5
Suppose -5 = 5*s - 25. What is the units digit of -3*1/(-6)*s?
2
Suppose -2*y = x + 3*x - 24, -5*y = -5*x - 15. Suppose 0 = 2*g - y - 4. What is the units digit of g?
5
What is the hundreds digit of ((-1836)/(-45))/(6/20)?
1
Suppose -8*b + 950 = 2*b. What is the units digit of b?
5
Suppose j + 2*a = -3*a - 55, -2*j - 2*a = 86. Suppose 0 = -q - 2 - 4. What is the units digit of j/q - (-4)/(-6)?
6
Let g(f) = -f**3 - 6*f**2 - f + 23. What is the units digit of g(-6)?
9
Let y = 16 - 19. What is the tens digit of (2/(-3))/(y/171)?
3
What is the units digit of 3/1*328/12?
2
Let a = 4 + 15. Let y = 42 - a. What is the tens digit of 1/2 - y/(-2)?
1
Let k be ((-105)/6)/(1/2). Let b = -24 - k. What is the tens digit of b?
1
Let d = 135 - 26. What is the tens digit of d?
0
Let v = -74 - -39. Let c be (-10)/v - (-38)/14. What is the units digit of -1 - 0 - (-6)/c?
1
Suppose 0*n + 5*n = 60. Let a = 3 + n. What is the units digit of a?
5
Suppose 6*n = 2*n + 8. Suppose 0 = -4*d + 2*x + 12, -2*d - n*x + 6 = -0*d. What is the units digit of d?
3
Let f(m) = 6*m**3 - 50*m**2 + 70*m + 50. Let w(k) = k**3 - 10*k**2 + 14*k + 10. Let v(c) = 2*f(c) - 11*w(c). What is the tens digit of v(-11)?
2
Let b(i) = -i**3 + 3. Let n be b(0). Let g(q) = q**2 - q - 3. Let c be g(n). Suppose 3*z + 26 = -0*v + 2*v, 2*z = c*v - 29. What is the units digit of v?
7
Let n(g) = 47*g + 4. Let k be n(3). Suppose 256 - 29 = 5*p + 3*x, 3*p + 4*x - k = 0. What is the units digit of p?
3
Suppose 8*o = 11*o. Let a be 0 - -1 - (-3 + 1). Suppose h - a = -o*h. What is the units digit of h?
3
Suppose 3*s - 3*n = 6, -4*n - 6 - 2 = -3*s. Suppose s = -5*t - 28 - 12. What is the units digit of -1 + 1/(-2)*t?
3
Let b(r) be the second derivative of -4*r**3/3 + r**2/2 - 3*r. What is the units digit of b(-1)?
9
Let p(r) = -r - 7. What is the units digit of p(-15)?
8
Suppose 10*d + 261 - 1401 = 0. What is the tens digit of d?
1
Suppose -7 = -3*c + 2. Let s(b) = -b**2 + 4*b. Let f be s(c). Suppose 0 = 2*r + f*t + 2 - 17, 2*r + 4*t - 18 = 0. What is the units digit of r?
3
Suppose 0 = 5*d + 2*i + 2*i - 94, -i + 73 = 4*d. What is the units digit of d?
8
Let l(d) = d**3 - 8*d**2 - 10*d + 13. Let s be l(9). Suppose s*k + 9 = 25. What is the units digit of k?
4
Suppose 2*y = 4*y + 10. Let c(j) = 3*j + 1. Let d be c(y). What is the units digit of d/(-4)*(-4)/(-2)?
7
Suppose a - 5 + 11 = 0. Let f(k) = k**3 + 6*k**2 + k + 8. Let r be f(a). Suppose -c - r + 13 = h, -35 = -3*h - c. What is the units digit of h?
2
Let x(o) = -4*o + 2 + 0*o + 3*o. Let f be x(-9). Suppose 0 = 5*w - 24 - f. What is the units digit of w?
7
Suppose -20 = -3*p - 11. Suppose -5*r + 6 - 1 = 5*c, 4*r - 4*c = 12. Suppose r*b = 5*v + 1 + 7, -4 = -b - p*v. What is the units digit of b?
4
Suppose -u = -3*k - 41, -5*u = -3*k - 2*k - 195. What is the units digit of u?
8
Let b(a) = -a - 6. Let n be b(-10). Let t(q) = -q**3 + 6*q**2 - q - 2. What is the units digit of t(n)?
6
Let f = -7 + 9. Suppose -u = 2*y - 49, 4*y + 5*u - f*u - 99 = 0. What is the tens digit of y?
2
Suppose 0 = -4*h + 5*a + 284, -3*h + 2*a + 74 = -2*h. Suppose 14*x - 17*x = -h. What is the tens digit of x?
2
Let k be 4/(-6) + (-8)/(-3). Suppose k*g = g + 23. What is the tens digit of g?
2
Let a be ((-3)/4)/(3/(-24)). Let b = 12 - a. What is the units digit of b?
6
Let x(p) = p - 2. Let j be x(5). Suppose -2*g + 33 = 3*u - 0*g, -2*u = -g - 22. Let m = j + u. What is the tens digit of m?
1
Suppose 0 = -2*m + 7*m - 110. What is the tens digit of m?
2
Let s = 122 + -